- (-29 + 33)
6
(-8 - -3) + -4 - -5 - -1
-3
Evaluate -6 - -6 - -1 - (1 - 2).
2
12 + (1 - 7 - -7) - 7
6
(-58 - -65) + -4 + -1
2
4 + (-8 - 3) + 6
-1
What is the value of (2 + -2 - -4) + -7 + 2?
-1
What is (-4 + 2 - 0) + (-8 - -7)?
-3
What is 6 - 2 - 5 - -5?
4
What is 4 + 3 + 1 + (12 - 17)?
3
What is the value of 5 + (-1 - (-2 + (-2 - -10)))?
-2
9 + -4 - -4 - 5
4
-5 - 4 - -6 - 0
-3
Calculate -4 + -1 - (-4 - 0).
-1
What is the value of 2 + 1 + 2 + -3 + 3?
5
1 - 5 - (-4 - -1 - 2)
1
Evaluate (-1 - (8 + 0)) + (-73 - -78).
-4
Evaluate (4 + -10 - -1) + -4.
-9
3 - (8 + -3) - (-6 - 0)
4
What is the value of 3 + -1 - 3 - -3?
2
What is the value of 8 + 10 + -12 - 9?
-3
Evaluate 5 + -5 + (-2 - -2) + 1.
1
What is the value of (-9 + -5 + 9 - -1) + 0?
-4
What is the value of 0 + 3 + -8 + 1?
-4
What is the value of -1 + -9 + (18 - 10)?
-2
What is the value of 1 + -1 + (-1 - (-4 - 0))?
3
Evaluate (-37 - -41) + (0 - -3 - 1).
6
Evaluate -5 + 11 + -5 - 0.
1
What is 0 + (4 - (6 - (5 + 2)))?
5
What is -1 - (0 + -1) - (-114 - -120)?
-6
Calculate (2 - 4) + (-2 - -4) + -1.
-1
0 - (1 + 1 - (3 - 0))
1
What is the value of -2 + (2 - -1) + -1?
0
What is -6 + 9 + -8 - -6?
1
What is the value of (-2 - -3) + 0 - (59 - 60)?
2
-13 + 4 + -1 + 4 - -4
-2
What is (-1 - (2 - 3)) + -2 - 3?
-5
Calculate (0 - -5) + -5 + 0 + -6.
-6
What is 2 - (-8 + -8 + 11)?
7
Evaluate 2 + -3 + -2 - (2 + -1).
-4
Calculate 105 + -105 + -1 + -6.
-7
Evaluate -3 - (3 - (-4 + 0 + 9)).
-1
-6 + (-11 - -11 - -4)
-2
Evaluate 4 + (-4 - -6) - 2.
4
Evaluate -3 + (4 - (1 + 0)).
0
What is (182 - 172) + -15 + -1?
-6
What is 0 - (13 - 7) - -13?
7
What is the value of 13 + -10 + (2 - (-1 + 3))?
3
What is -1 - (4 + 2 + (-1 - 0))?
-6
What is the value of -7 + 2 - ((-7 - 1) + 0)?
3
What is 4 + -1 + (6 - (3 - 0))?
6
What is 3 - (0 - (-2 + 4))?
5
3 - 5 - (21 + -16)
-7
What is the value of -417 + 415 + 0 + -1 + 6?
3
What is the value of -2 + -9 + 7 - -8?
4
Calculate -11 + 16 + 0 + -11.
-6
Calculate -2 - (7 - (2 - -1 - 0)).
-6
Evaluate (1 - -2) + (1 - -1) - 0.
5
Evaluate (-10 - -25 - 4) + -6.
5
Calculate -8 + 4 + 1 - -10.
7
Calculate 5 + (6 - (21 + -11)).
1
What is the value of 1 - ((-6 - -7) + -2)?
2
0 + 0 + (-1 - (-2 - 2))
3
Evaluate (-18 - -13) + (2 - 0 - 1).
-4
What is the value of (-3 - (4 - 3)) + 3?
-1
Evaluate -6 - -9 - 6 - (0 + -3).
0
What is -2 + 0 + 1 + 6 + -8?
-3
2 + -1 - (-6 - -12)
-5
Evaluate (2 - (2 + -4)) + -3.
1
-9 + 0 - (4 - (-10 + 18))
-5
What is the value of (-4 - -3) + -1 + -2 + 4?
0
What is 6 + (-7 - (-6 + 9))?
-4
Evaluate (-23 - -30) + (-4 - 0).
3
What is the value of -53 + 45 + (1 - -3) + 2?
-2
Evaluate 7 + (6 - 13) + (5 - 2).
3
What is (-1 + 2 - 5) + -30 + 31?
-3
-5 - 9 - -9 - (-2 - 1)
-2
Evaluate (5 - -1 - -3) + -4.
5
Calculate (0 - -6) + (-5 - -14 - 11).
4
Calculate 2 + -6 + -6 + 12.
2
Calculate -1 - (2 - (1 + -2)).
-4
Evaluate (-7 - -21) + 2 + -6.
10
What is -8 - 1 - (12 - 17)?
-4
Evaluate 0 - (-2 + 4) - (2 + -6).
2
-7 + (-5 - 0 - -9)
-3
What is the value of -4 + (5 - (0 + 4)) + 8?
5
What is the value of -13 + 14 + (1 - 0) - 2?
0
Calculate 4 + (-5 - -4) + -9.
-6
What is -7 + 5 + -7 - -8?
-1
What is the value of -1 - (6 + -2 + -2)?
-3
Evaluate 2 - -17 - (3 + -1 + 7).
10
Calculate -2 + (-1 - -1) - 2.
-4
Evaluate (5 - -2 - 1) + -11 + 5.
0
-14 - (-8 + 8 + -8)
-6
Calculate -2 + 8 + (16 - 22).
0
What is the value of 0 - (-5 + 7) - 3?
-5
What is -2 + 4 + -2 + -2?
-2
What is the value of (4 - (-4 + 11)) + -1 + -2?
-6
What is 6 - (-1 + (-6 - -17))?
-4
What is (0 - 0) + -28 + 30 + -10?
-8
What is 3 + (5 - 8) + 0 + 0?
0
Calculate 5 + -15 + (0 - (-3 + -1)).
-6
Evaluate (-4 - (3 - 4) - -1) + 5.
3
What is 11 + (-6 - (7 + -7))?
5
What is (-6 - -3) + (1 - -4) - 1?
1
6 - (1 + 1 + 4)
0
Calculate 1 - (-3 + 7) - -9.
6
-3 + (2 - 1 - (-26 + 28))
-4
What is the value of 9 - (1 + -3 + 1 - -5)?
5
What is (7 - (9 - 4)) + -1?
1
Evaluate 0 + (0 - (-5 + 9)) - -7.
3
Calculate 0 + (-3 - -5) + -1.
1
Evaluate 5 + (-1 - 2) + 0.
2
Calculate (-56 - -53) + 1 + 6.
4
Calculate (-21 - -11) + 10 + 8.
8
Calculate 3 - 3 - (-8 - -7).
1
Evaluate (3 - (-6 - -3)) + -1 + -3.
2
Evaluate (2 - -1) + 0 - 3.
0
What is the value of 0 + 4 + (-90 - -98) - 2?
10
Evaluate -6 - (5 - 5 - 5).
-1
Evaluate 11 - ((-12 - -21) + (1 - 4)).
5
Evaluate 3 + -3 + 2 + (-5 - -3).
0
-5 + (10 - (5 + -2))
2
Evaluate -1 + -1 + 6 - (13 + -9).
0
3 - -23 - 22 - (6 + 1)
-3
What is the value of -6 + 8 + 4 + -6?
0
(4 - (0 + (-2 - -4))) + -1
1
Calculate (0 - 7 - 1) + (4 - 3).
-7
5 - ((1 - 1) + 2)
3
What is 7 + 10 + -5 - 5?
7
Calculate 3 - (-5 - -6 - -8 - -2).
-8
What is the value of 11 + 1 - (11 + -3)?
4
What is 4 + (5 - (-6 + 13))?
2
What is (3 - 0) + 10 + -13 + -5?
-5
What is the value of 3 - (1 - 2) - (11 + -6)?
-1
What is the value of (-5 - -2) + 2 + -6?
-7
Calculate -5 + 8 + (-3 - (6 + -7)).
1
What is -2 + (2 - (2 + 2))?
-4
Calculate (9 - 3) + (38 - 39).
5
Calculate 4 + 1 + (-4 - 0).
1
Calculate 6 + -2 + (-4 - -5).
5
Calculate -1 + (0 - 3) + 31 + -17.
10
Evaluate (-14 - -18) + (-1 - 2).
1
Calculate -2 + 8 + (-2 - (4 + -1)).
1
What is the value of 0 + 5 + (-21 - -18)?
2
(9 - 23) + (11 - -4)
1
What is -2 + -5 + 6 - 0?
-1
Evaluate (-1 - -3) + 0 - 5 - -9.
6
16 + -21 + 22 - (7 + 1)
9
What is 0 + (-1 - (-4 + 3))?
0
-6 + 0 + (-18 - -25) + 1
2
What is the value of -1 - 9 - (-4 + (-5 - -8))?
-9
(2 - -6) + 1 + -1
8
What is 1 + 0 - (0 + -4 + 5)?
0
What is the value of 2 + -2 + -1 + -1?
-2
Calculate 0 + 1 - 0 - (420 - 421).
2
Calculate -25 + 19 + (-1 - -3).
-4
Calculate 1 + -6 + -37 + 39.
-3
-15 + 11 + 23 - (9 - 1)
11
What is the value of -3 - 3 - (-8 - (4 - 0))?
6
Calculate 57 + -51 + (-3 - (1 + -1)).
3
What is 7 - (1 + (4 - 4) - -2)?
4
-8 - 3 - (-3 + 0)
-8
Evaluate (-47 - -48) + -1 + 2 + -1.
1
Calculate (10 - 7) + (-5 - -2).
0
4 + -20 + 19 + -1 + -1
1
Calculate -3 + 5 + -3 + 5.
4
Evaluate 4 + 2 + 0 + -3.
3
Calculate (-1 - -4 - 3) + -1 - 4.
-5
Evaluate 4 - -1 - (-3 + (1 - 0)).
7
8 - (-8 - (-3 - 8))
5
Calculate -56 + 49 - (2 + -7).
-2
(10 - 17 - (1 - 2)) + 5
-1
Evaluate 1 + 1 + -11 - (-11 + 7).
-5
What is -47 - -53 - (9 + 0)?
-3
Evaluate -5 - (3 + (-4 - -5 - 12)).
3
Calculate 12 + (0 - (9 + -4)).
7
What is the value of 7 + -1 + (-6 - 8 - -9)?
1
What is the value of 6 - 0 - (14 - 13)?
5
(-1 - 0) + (0 - (-13 - -14))
-2
Evaluate -19 + 15 - (-2 + 0 + -2).
0
What is 0 + (-2 - 3) - -12?
7
What is -1 + -1 + 6 - 7?
-3
-15 + -11 + (19 - -2)
-5
Calculate -3 - (-2 - (-3 + 4 - 5)).
-5
Calculate 0 + -2 - (-36 + 35).
-1
Calculate -2 - -5 - (0 + 2 + -1).
2
What is the value of -10 - (0 + (-9 - -6))?
-7
What is the value of 9 + 7 + -16 - -5?
5
Calculate 2 - (5 - -5) - 7 - -4.
-11
Calculate -3 - 1 - (-15 - -11).
0
What is the value of 22 + 11 + -36 - (-1 - -5)?
-7
What is the value of -3 - 0 - 4 - -2?
-5
Calculate (2 - 1 - -3) + (-9 - -6).
1
Calculate (-9 - -3) + -5 + 5 + 2.
-4
What is the value of (7 - 10) + (-1 + 0 - -1)?
-3
What is the value of -12 - (3 + 10 + -17)?
-8
What is the value of -7 + 7 + (3 - 0) + 0?
3
What is (-6 - -5) + (1 - 3) + 3?
0
What is the value of 8 - (4 + (-4 - -5))?
3
What is the value of -3 + 6 + -2 + 1 + 0?
2
8 - (16 + -4 + (16 - 18))
-2
What is the value of -2 - 7 - (-17 - -5)?
3
-5 + 7 + 1 + -3
0
What is 3 + 3 + (1 - 8) + -1?
-2
Calculate -5 + (6 + 0 + -8 - 0).
-7
6 + 1 + (40 - 52)
-5
Calculate 6 + -1 + (6 - (11 - 6)).
6
Calculate 1 - 2 - (-6 + (12 - 6)).
-1
Calculate -14 - (-1 + -11) - 4.
-6
What is the value of -4 + -1 - (-11 - -10)?
-4
Evaluate 2 + (-3 - 2 - (-2 - -3)).
-4
Calculate -7 + 1 - (-10 - 1).
5
What is the value of 0 - 4 - (-3 + 4)?
-5
What is (-3 - -10) + -9 + 4?
2
1 + 0 + 4 - (5 + -2)
2
Calculate 0 - (7 - (18 - 5)).
6
Calculate 14 + -1 - (-19 - -28).
4
Calculate -9 + 10 + -3 + 1.
-1
What is the value of 9 + -8 - (-3 - -1)?
3
What is -5 - (-7 + -4 + 3)?
3
Evaluate -5 + -1 + 1 - -5.
0
What is (-1 - 1) + (6 - 8) + 5?
1
-7 + -6 + 9 - -8 - -2
6
Calculate -4 + -10 + 6 + 10.
2
Evaluate (1 + 1 - 4) + 0.
-2
8 + (-1 - (0 + 3)) + -7
-3
What is (0 - 0) + -2 + (-6 - -6)?
-2
Calculate (0 - -2) + (-1 - 14) + 11.
-2
Calculate 1 + 5 + (-4 - (2 + -5)).
5
What is the value of (-1 - -9 - 1) + -162 + 146?
-9
Calculate -136 + 144 + -16 + -1.
-9
What is (-3 - (-2 + 2)) + (0 - -1)?
-2
Evaluate -2 + 5 + (7 - 8).
2
Evaluate 7 + 4 - (3 + -1 + 4).
5
What is -5 + (-4 + 3 - -10) + -1?
3
